9, -32*k + 31*k + 5*a - 3193 = 0. Let i = k - b. Is i a prime number?
False
Let n(l) = -570*l + 8. Let j be n(-19). Suppose -11*b - i = -6*b - 27095, 0 = 2*b - i - j. Is b a composite number?
False
Let f = 262888 + -155483. Is f prime?
False
Suppose 8 = -6*b + 20. Suppose -3*w = b*l - 0 + 6, 4*w = 4*l - 8. Is -2 - (-3297)/14 - (-1)/w prime?
True
Suppose 43 = 3*g + 49. Is (-1)/g - 13557/(-2) a composite number?
False
Suppose -87232 = -71*n + 65705 + 41674. Is n a prime number?
True
Is (4 + 3)/(6/174) a composite number?
True
Suppose 0 = -8*v + 2*v + 102354. Is v a composite number?
True
Let s(k) = -950*k - 1057. Is s(-9) a composite number?
True
Let g(l) = 47*l**2 + 4*l - 2303. Is g(-70) prime?
False
Let i(w) = 4216*w + 2209. Is i(45) a composite number?
False
Suppose 5*n - 7*y = -6*y + 2127805, -4*n + 1702244 = -2*y. Suppose 0 = -22*g + 37473 + n. Is g a prime number?
False
Is 30708 - (19 + -32 + (5 - -3)) composite?
False
Let m be (17 - -4)*(-24)/(-14). Suppose -3*d - 3*d = -m. Let p(y) = 50*y - 5. Is p(d) composite?
True
Let a(v) = -v**2 - 1. Let g(i) = 3*i**3 - 4*i**2 + 7*i - 17. Let f(u) = 5*a(u) - g(u). Is f(-7) a prime number?
False
Let t(f) = -2 + 64*f - 27*f - 31*f + 28 - 1 + 38*f**2. Let m be (-80)/14 + 4/(-14). Is t(m) composite?
True
Is (-75744)/(-6) - 184/8 composite?
False
Let a = 21764 - -9737. Suppose -5*t + a = -4164. Is t prime?
False
Let v(k) = 828*k**2 + 444*k + 77. Is v(32) a prime number?
True
Suppose 3*z + 8*n = 3*n + 6317, 10551 = 5*z - 3*n. Let j = 3508 - z. Is j a prime number?
True
Let y be (2 - -2)/((-1)/10). Let p = 36 + y. Is (p/6 - 0)/((-2)/471) a prime number?
True
Let i(u) be the first derivative of u**3/3 - 17*u**2/2 + 44*u + 4. Let n be i(14). Suppose 5*l + 641 + 389 = 2*v, 3*v = n*l + 1545. Is v a composite number?
True
Let g = 84972 - 34063. Is g a composite number?
False
Suppose 3*t + 7910 = -4*t. Let u = t - -1847. Suppose -4*v + 1479 = -2*v + l, -v + u = -4*l. Is v a composite number?
True
Let m(v) = 221*v**2 + 16*v - 52. Let c be m(8). Suppose 9*t - 48609 = -c. Is t a prime number?
True
Let c(o) = 2513*o + 16. Let h be c(-3). Let y = 10800 + h. Is y a composite number?
True
Let p(a) = 3*a**3 - 21*a**2 + 16*a + 7. Let v be 11/2 + 45/(-6) + 6. Suppose v*t - o = 60, 4*o = -2*t - 0*o + 30. Is p(t) composite?
False
Let s(b) = b + 3067. Suppose -7*c = 3*c. Is s(c) a composite number?
False
Suppose -s = -3*r + 134721, -r + 1421 = 3*s - 43486. Suppose -8*o - r = -11*o. Is o composite?
False
Let t be 56/(-6) - (60/(-18) + 4). Let x(d) = -27*d - 3 - 39*d + 26. Is x(t) a composite number?
False
Let c(h) = 96*h + 23. Let f = -98 + 212. Let d = 123 - f. Is c(d) prime?
True
Let t(i) = -i**3 + 2*i**2 - i + 1. Let w be t(0). Suppose w = -2*v + 25. Suppose -v*k = -16*k + 708. Is k a composite number?
True
Let w be 7/(5 + 2) + 111991. Let j = w - 65997. Is j a composite number?
True
Let a(h) = 56*h + 2*h**2 - h**2 + 62*h + 487 - 119*h. Suppose 5 = 2*o + 5*q, -3*o - 1 + 6 = 5*q. Is a(o) composite?
False
Let y(l) = -7*l + 5. Let m be y(-3). Let t(h) = -24*h + m - 56 + 35. Is t(-3) a prime number?
False
Suppose -11*q = -12*q + 61. Suppose 2*z = q - 15. Suppose 5331 = -z*b + 26*b. Is b composite?
False
Let s = -103 + 50. Let i = s + 118. Is i prime?
False
Suppose 5*m = -5, 0 = 4*q - 5*m - 861731 + 335498. Is q a prime number?
False
Let g = 43760 + 56519. Is g a composite number?
False
Suppose 22*v - 23410 = 60036. Is v a prime number?
True
Suppose 3*b = 5*h + 142, -4*h = -7*h + 5*b - 66. Let x = 45 - 75. Is 110/(h/(-18) - x/135) composite?
True
Let y(o) = -6*o - 11. Let u be (-36)/(-2) - (9 + -6). Suppose 8*g + 45 = 3*g + 5*f, 5*f = u. Is y(g) prime?
False
Let s = 110540 - -605709. Is s a composite number?
False
Suppose -41*d = v - 46*d - 1142730, -3*d = 4*v - 4570759. Is v a composite number?
True
Suppose -15*m + 2*m + 65 = 0. Suppose -2*t = -2*y + 2346, 4*y - m*t + 9*t - 4676 = 0. Is y composite?
False
Let x(n) = -n**3 + 22*n**2 + 21*n + 52. Let c be x(23). Suppose 0 = -0*v + c*v - 12. Suppose -1389 = -s + v*j + 2*j, j - 2769 = -2*s. Is s prime?
False
Let d = -3176 - -5486. Let t = 4283 - d. Is t a composite number?
False
Let j = -665717 - -1048816. Is j a composite number?
False
Let i = -212292 - -302251. Is i prime?
True
Let c(h) = h**3 + 2*h**2 - 3*h + 7327. Let a(s) = -s**2 - 23*s - 132. Let j be a(-12). Is c(j) a prime number?
False
Suppose -26*f + 2595048 + 2641274 = 0. Is f composite?
True
Suppose 0 = -39*r + 13*r - 3263432 + 10824778. Is r a composite number?
False
Let v(i) = i**3 - i**2 + 2*i + 477. Let a be v(0). Let w = a + -339. Suppose 3*d + 0*d - w = 0. Is d a composite number?
True
Let x = 1069 + -1523. Suppose 3*y = 5*y + 1966. Let v = x - y. Is v composite?
True
Let w(m) = 28*m - 132. Let j be w(6). Is 4467 - (j + -21)*(-4)/(-10) a prime number?
False
Is (3/2 - 2)*7415762/(-37) a prime number?
True
Suppose -1375 = -3*j + m, 5 + 0 = -5*m. Let t be (-1)/4 - (-4)/16. Suppose v - 545 - j = z, -2*v - 3*z + 2006 = t. Is v composite?
True
Let p(w) = 2*w**2 + 17*w + 19. Let j be p(-8). Suppose 8*o = j*o. Suppose -3*d + 3*i + 2508 = -0*d, o = 3*d - i - 2514. Is d prime?
True
Suppose -33 = -3*b - 27. Let n(k) = 419*k**2 - 11*k + 25. Is n(b) prime?
False
Let x(o) = 2891*o**2 - 95*o - 71. Is x(-21) a prime number?
False
Let a be 0 + -1469 - (-5 - -3 - -1). Let d = a - -8. Let c = d + 2931. Is c prime?
True
Is 355978 + (2/4)/((-193)/(-1158)) prime?
False
Let v be 3*(-8)/(-6)*1. Let g(u) = 12*u - 11. Is g(v) composite?
False
Let f(u) = -38*u**3 + 35*u**2 + 178*u + 37. Is f(-24) composite?
False
Let u(m) = 4*m**2 + 6*m - 2. Let v be u(-2). Suppose v*y + 275 = -3*y. Let g = y - -557. Is g a prime number?
False
Is (-7 - (-8)/((-2100676)/700228 - -3)) + 2 a composite number?
False
Let r(s) = -s**2 - 71*s - 204. Let j be r(-3). Suppose -y + n = -4*y + 10408, n - 13878 = -4*y. Suppose 4*c + 3*i - y = 0, 4*c - i + j*i = 3478. Is c prime?
False
Let n be (0 + -1)/((-2)/400). Let j(f) = 3 - 8 + 12 + 2 - n*f. Is j(-2) a composite number?
False
Suppose -9*s + 76 = 454. Is 132273/21 + (-12)/s prime?
True
Let f = -51378 + 86789. Is f prime?
False
Let l be ((-124)/2)/(6/(-795)*5). Let d = l + 1344. Is d composite?
True
Let j(g) = -4*g + 7. Let d be j(-5). Let m = -71 + d. Is m/11*(-170)/8 a composite number?
True
Suppose 4*y + 109 - 377 = 0. Suppose -77*c + 70090 = -y*c. Is c composite?
True
Suppose -81197 = 30*r - 5173607. Is r a composite number?
True
Let b be -3*(-28)/(-24)*6/(-7). Is b*194430/36*(-8)/(-10) a composite number?
True
Suppose -5*h = 4*w - 547119, -2*w + 273479 = h - 10*h. Is w a composite number?
True
Suppose 141*c = 139*c + 5*l + 747231, 5*l = -3*c + 1120834. Is c a composite number?
False
Suppose 5*v + 25 - 10 = 0, 5*m + v - 197 = 0. Let p be (4/(-2)*-1)/((-8)/m). Is (-2532)/p - (-14)/(-70) composite?
True
Let a = -520158 - -1190969. Is a prime?
True
Let k(m) = -16 + 20*m + 36 + 47 - 208*m. Is k(-9) a prime number?
True
Suppose -l - 95 = -70. Let f be 3079 + (-2)/((-10)/l). Suppose 3*d + f = 7607. Is d prime?
True
Suppose 26 = 3*z - 10. Suppose -z*o + 70 = -17*o. Is (-3731)/o - (-1)/2 a prime number?
False
Suppose 4*v - 3*d = 861178, 0 = 3*d - 56 + 38. Is v composite?
True
Let y(b) = 250*b**2 - 5*b + 4. Let j be y(1). Let q = 542 - j. Is q composite?
False
Suppose 0 = -4*j - 0*j + v - 35, -4*j - 4*v = 20. Let i be 1/((-4)/24*j)*-4. Is (-2 + 0)/(i + (-320)/(-107)) a composite number?
True
Suppose 12*q = 17*q - 1620. Let o be (-12)/9*q/9. Is 503/4 - 60/o composite?
False
Let k(w) = -2186*w**3 - 3*w**2 + w + 3. Let d be k(-1). Suppose -d + 12239 = 22*n. Is n composite?
False
Let t(z) = z**3 + 8*z**2 + 18*z + 5. Let x be t(-4). Is 2576200/500 - 1/(5/x) a composite number?
False
Suppose -2*o - 330375 = -6*o - 5*g, -2*o = -3*g - 165193. Is o a composite number?
True
Let p be ((-996)/(-5))/(2/(-120)*-9). Suppose -2*w - p = -c + 7987, 4*c - 5*w = 37254. Is c a composite number?
False
Suppose -5*q - 15 = 0, 0*q + 13 = -k - q. Let o(m) = 2*m + 24. Let l be o(k). Suppose -3*g + 3*j + 4570 = g, 4*g + l*j = 4556. Is g a prime number?
False
Let m = -1651 + -223. Let p = m - -6051. Is p prime?
True
Is -6 - (3/(108/(-43156)) - 10/45) composite?
False
Let r be 10478*5/10 + (-4)/(-2). Suppose 6*c = 4731 + r. Is -4 + c + (3 - 4) a